 Calculate the remainder when 484 is divided by h.
16
Suppose -23*v = -6420 + 716. Suppose 4*r - 200 = -0*r. Calculate the remainder when v is divided by r.
48
Let o(g) = -2*g + 22. Let d be o(-14). Let k = d - 34. Suppose -k = 4*h, h - 56 = -2*z + 2*h. Calculate the remainder when z is divided by 15.
11
Suppose -1426 = -4*g + 2474 - 132. Calculate the remainder when g is divided by 43.
39
Let r = 40 - 49. Calculate the remainder when 131 is divided by (-14)/(42/r)*(1 + 10).
32
Let g = -34 + 37. Suppose g*l - 14 = 2*l + 3*s, 0 = 2*s + 4. Suppose -l*d - 10 = -9*d. Calculate the remainder when 23 is divided by d.
3
Suppose -21*s = -43*s + 23*s. Suppose q + 3*r - 400 = s, -7 = 4*r - 11. Calculate the remainder when q is divided by 10.
7
Let a be (-887)/(-9) - (5 - (-343)/(-63)). Suppose -104*b = -a*b - 105. Calculate the remainder when b is divided by 9.
3
Suppose -21*u - 12 = -17*u, 2*u = -k + 166. What is the remainder when k is divided by 84?
4
Let p be 80/8*2/5. Suppose -174 = -p*o + 30. Suppose 5*n + 1 = o. Calculate the remainder when 39 is divided by n.
9
Suppose 0 = -3*m + 5*j + 31, 3*m - 20 - 13 = 3*j. Let p be (16/m)/(2/228). Calculate the remainder when p/6 - (-4)/(-12) is divided by 9.
7
Calculate the remainder when (267 - (-1 + 3)) + (-17 - -23) is divided by 71.
58
Let p(r) = 8*r**2 + 321*r - 259. What is the remainder when 7531 is divided by p(-41)?
27
Suppose 3*q + 2*g - 2358 = 0, 48*g - 1572 = -2*q + 50*g. Calculate the remainder when 3154 is divided by q.
10
What is the remainder when 2430/(-20)*(-4)/3 is divided by 2?
0
Calculate the remainder when 206417/755 - -3*-3*1/(-15) is divided by 29.
13
Suppose -20*x - 3*w - 16803 = -25*x, 2*w = -12. What is the remainder when x is divided by 84?
81
Suppose -l = -10*l - 5*l. Suppose -53*y + 55*y - 216 = l. Let q = 71 - 43. Calculate the remainder when y is divided by q.
24
Let a(v) = -v**3 + 16*v**2 - 23*v - 19. Let y be a(13). Let g = y - 161. What is the remainder when 50 is divided by g?
22
Let c = 20307 + -20021. Calculate the remainder when 67780 is divided by c.
284
Suppose 5*w + 0*w = 15. Let z(d) = -8*d - 8. What is the remainder when z(-3) is divided by -9*w*(-4)/12?
7
What is the remainder when 198/(-6)*801/(-81)*3 is divided by 34?
27
Suppose -181*v = -166*v - 4725. Calculate the remainder when v is divided by 78.
3
Let z(y) = 15*y + 4. Let q(s) = s**2 - 32*s + 148. What is the remainder when z(3) is divided by q(5)?
10
Let s = 1419 - 983. What is the remainder when s is divided by 9933/203 + (-30)/(-435)?
44
Let f be (-9)/24 + ((-1071)/24 - 1). Let w = f + 79. What is the remainder when w is divided by 3/2*(10 + -4)?
6
Let c(b) = -b**3 - 23*b**2 - 3*b - 61. Suppose -13*v - 253 = -2*v. Calculate the remainder when c(v) is divided by 4.
0
Suppose -15*k + 4*u = -13*k - 184, k + 2*u = 76. What is the remainder when k is divided by 49?
35
Let h be (-114)/(-5) - (-12)/(-15). Let z = h - 8. Let i = -2511 + 2537. What is the remainder when i is divided by z?
12
Let w be 2 - (0 + 1) - (-1 - -333). Let c = 354 + w. What is the remainder when 87 is divided by c?
18
Let v(p) = -7*p**3 + 49*p**2 - p - 27. What is the remainder when v(6) is divided by 3/3*-1 - -56?
54
Suppose 0 = 67*f - 39*f + 219*f - 549081. What is the remainder when f is divided by 21?
18
Suppose 2*n - n + 5*l - 10 = 0, -5*n - 2*l = -96. What is the remainder when (-193)/(3 - 30/9) is divided by n?
19
Suppose -113*g + 83*g + 293 = -37. What is the remainder when 17 is divided by g?
6
Let a = -84 + 210. Let y(r) = -16*r - 96. What is the remainder when a is divided by y(-10)?
62
Let r = 2080 - 1970. Let c = 22 - -12. Let k = c + 3. What is the remainder when r is divided by k?
36
What is the remainder when 3472 is divided by ((-27)/(-2))/(((-27)/12)/((-6)/4))?
7
Let l(u) = 9*u**3 - 8*u**2 + 11*u + 34. Calculate the remainder when l(4) is divided by 37.
8
What is the remainder when 50/(-450) - 26732/(-18) is divided by 6?
3
Let l(i) = 3*i**2 - 474*i - 949. Suppose -2*a = 2*a - 16. Suppose -54 = -a*w + 70. What is the remainder when w is divided by l(-2)?
9
Calculate the remainder when 41 is divided by (42 + -74)*(-5 + 4).
9
Suppose -3*a - n = -305, -a + 5*n - 212 = -3*a. Suppose 0 = 4*x + 5*t - 118, 243*t = 5*x + 246*t - 154. What is the remainder when a is divided by x?
5
Let q = -10000 - -10152. What is the remainder when 156 is divided by q?
4
Suppose 5*c - 8*c - 42 = 5*z, -2*c = -2*z - 4. What is the remainder when 27 is divided by z/6*5 - -18?
1
Suppose -84 = -4*b - 20. Let u(p) = -p**3 - 15*p**2 - 9*p - 2. Let z be u(-15). Let m = -129 + z. What is the remainder when b is divided by m?
0
Let j(x) = -2*x**3 - x**2 - 2*x - 3. Let y = -5868 + 5886. Calculate the remainder when j(-5) is divided by y.
16
Let c = -235459 - -236393. What is the remainder when c is divided by (-12)/10*260/(-6)?
50
Suppose -o + 157 = -2*p - 2*p, -808 = -5*o - 3*p. Calculate the remainder when o is divided by 27.
26
Suppose 0 = 24*w - 16*w - 1520. Let m = 220 - w. What is the remainder when m is divided by 14?
2
Let x(d) = 819*d + 2678. What is the remainder when 1291 is divided by x(-3)?
186
Suppose 2*t - 10 = 2*g - 4*g, -4*t + 5*g = -2. Suppose -3*q + 29 = j, -5*j = 2*q - 3*q - 1. What is the remainder when t is divided by (-7 + q)*-1*1/(-2)?
0
Let a be -4*-6*1/8. Suppose a*p = -2*w + p - 32, 57 = -4*w + 3*p. Calculate the remainder when 34 is divided by (-9)/10*4*w/3.
16
Suppose -2*u + a = -149, -4*u - u + 3*a = -373. Calculate the remainder when u is divided by -10 + (-155)/(-15) + (-32)/(-3).
8
Suppose 3*u = -14*o + 17*o + 1956, 0 = -2*u + 4*o + 1298. What is the remainder when u is divided by 169?
148
Suppose 36*b - 60 = 26*b. Calculate the remainder when (-1 - -4) + (-93)/b*-2 is divided by 6.
4
Let l(o) = -17*o + 1141. Calculate the remainder when 292 is divided by l(63).
12
Let o(d) = 2*d**2 + 26*d - 22. Let f be o(-14). Suppose -3*w - f*w = -351. Calculate the remainder when w is divided by 21.
18
Calculate the remainder when (8 - 12) + 2346 - -2 is divided by 138.
136
Let s = -367 - -534. Suppose -5*d + 3 = -s. What is the remainder when (-3393)/232*(-13)/3 - 48/128 is divided by d?
29
Calculate the remainder when (35/(-15))/((-7)/20727) is divided by 31.
27
Suppose 49 - 29 = -5*j, 3*y - 141 = -3*j. Let w(n) = n - 5. Let x(o) = -o + 1. Let q(r) = -w(r) - 2*x(r). What is the remainder when y is divided by q(10)?
12
Suppose 1698*v - 1690*v - 1080 = 0. What is the remainder when 672 is divided by v?
132
Let k be ((-424)/(-12))/((-4)/30). Calculate the remainder when (20 + -19)/((-5)/k) is divided by ((-4)/(-6))/((-2)/(-54)).
17
Suppose 5*n = -20, 2*x - 3*n = 7*x - 1868. Let u = x - 284. What is the remainder when u is divided by 20?
12
Let w = 4083 + -3943. What is the remainder when 670 is divided by w?
110
Suppose -5*s + 14355 = 5*c, -88*c - 14306 = -93*c + 2*s. What is the remainder when c is divided by 571?
9
Let f(c) = 124*c**2 - 7*c + 5. What is the remainder when f(3) is divided by 19?
17
Let h = -11594 - -16637. What is the remainder when h is divided by 2519?
5
Let k(y) = 17*y**2 - 76*y + 1568. Calculate the remainder when k(33) is divided by 303.
302
Let s(p) = -p**3 - 26*p**2 - 2*p - 4. Calculate the remainder when s(-26) is divided by 10*(-6)/(-4) - (-12)/3.
10
Suppose -754 = -32*l + 6*l. Let j(i) = i**3 - 4*i**2 + 2*i - 4. Let o be j(4). Suppose o*c - 30 + 6 = 0. Calculate the remainder when l is divided by c.
5
Let i(q) = 2*q**2 - 10*q + 8. Suppose -4*v = v - 30. Let x = 45583 - 45531. Calculate the remainder when x is divided by i(v).
12
Suppose 0 = 3*p - 188 + 65. What is the remainder when 1390 is divided by p?
37
Let b = -2111 + 2239. Calculate the remainder when b is divided by 51.
26
Let m be (-992)/(-352) + (-4)/(-22). Suppose 3*r + 126 = 3*k, -3*r = -m*k + 2*r + 132. What is the remainder when k is divided by 23?
16
Let q = 128 - 125. Suppose -3*w = -3*c + 273, q*w = -0*c + 4*c - 366. Suppose 0 = -7*m + c + 19. Calculate the remainder when 172 is divided by m.
12
Let h = 631 - 622. What is the remainder when 2995 is divided by h?
7
Let a = -30835 + 30846. Calculate the remainder when 12605 is divided by a.
10
Let o(n) = -n**2 + 13*n - 6. Let b be o(10). Suppose b = 3*j - 6. What is the remainder when j is 